{"id":4496,"date":"2022-04-13T13:24:26","date_gmt":"2022-04-13T11:24:26","guid":{"rendered":"https:\/\/un-autre-regard.org\/?page_id=4496"},"modified":"2022-04-14T12:48:21","modified_gmt":"2022-04-14T10:48:21","slug":"lhiver-en-photos","status":"publish","type":"page","link":"https:\/\/un-autre-regard.org\/index.php\/lhiver-en-photos\/","title":{"rendered":"L&rsquo;hiver en photos"},"content":{"rendered":"\t\t<div data-elementor-type=\"wp-page\" data-elementor-id=\"4496\" class=\"elementor elementor-4496\">\n\t\t\t\t\t\t<section class=\"elementor-section elementor-top-section elementor-element elementor-element-6b6ee215 elementor-section-boxed elementor-section-height-default elementor-section-height-default\" data-id=\"6b6ee215\" data-element_type=\"section\" data-e-type=\"section\">\n\t\t\t\t\t\t<div class=\"elementor-container elementor-column-gap-default\">\n\t\t\t\t\t<div class=\"elementor-column elementor-col-100 elementor-top-column elementor-element elementor-element-6bf034e6\" data-id=\"6bf034e6\" data-element_type=\"column\" data-e-type=\"column\">\n\t\t\t<div class=\"elementor-widget-wrap elementor-element-populated\">\n\t\t\t\t\t\t<div class=\"elementor-element elementor-element-2f6041d4 elementor-widget elementor-widget-text-editor\" data-id=\"2f6041d4\" data-element_type=\"widget\" data-e-type=\"widget\" data-widget_type=\"text-editor.default\">\n\t\t\t\t<div class=\"elementor-widget-container\">\n\t\t\t\t\t\t\t\t\t<p><\/p>\n<p><\/p>\n<p>Premi\u00e8re &lsquo;vraie&rsquo; exposition photo pour le club, &lsquo;<em>&lsquo;L&rsquo;hiver en photos<\/em>\u00a0\u00bb rassemble 39 photos (en 3 s\u00e9ries de 13), du 4 f\u00e9vrier au 18 mars 2018, dans la salle du restaurant &lsquo;Casa Fina&rsquo;, boulevard des Lices \u00e0 Arles.<\/p>\n<p>\n<style>\n    \/* Portfolio Options Configuration Goes Here*\/\n    #gallery .tile:hover{\n        cursor: pointer !important;\n    }\n\n    \/* - - - - - - - - - - - - - - -*\/\n    \/* Tile Hover Customizations *\/\n\n    \/* Customize overlay background *\/\n    #gallery .crp-tile-inner .overlay,\n    #gallery .tile .caption {\n        background-color: rgba(0,0,0,0.50196078431373) !important;\n    }\n\n    #gallery .crp-tile-inner.crp-details-bg .details {\n        background-color: rgba(0,0,0,0.50196078431373) !important;\n    }\n\n    #gallery .crp-tile-inner .details h3 {\n        color: #ffffff;\n        text-align: center;\n        font-size: 18px;\n    }\n\n    #gallery .crp-tile-inner .details p {\n        color: #ffffff;\n        text-align: center;\n        font-size: 11px;\n    }\n\n        #gallery .crp-tile-inner .details h3 {\n        margin-bottom: 0px;\n    }\n    \n<\/style>\n\n<!--Here Goes HTML-->\n<div class=\"crp-wrapper\">\n    <div id=\"gallery\">\n        <div id=\"ftg-items\" class=\"ftg-items\">\n                            <div id=\"crp-tile-1971\" class=\"tile\" data-url=\"\">\n                                        <div class=\"crp-tile-inner details33 crp-details-bg image01\">\n                    \n                    \n                    \n                    <div id=\"1971\" class=\"tile-inner\">\n                                                <img decoding=\"async\" class=\"crp-item crp-tile-img\" src=\"https:\/\/un-autre-regard.org\/wp-content\/uploads\/2022\/04\/r_2018_03_04_t_001.jpg.jpg\" data-width=\"1600\" data-height=\"1200\" \/>\n                        <div class='overlay'><\/div>                    <\/div>\n                                        <\/div>\n\n                                    <\/div>\n                            <div id=\"crp-tile-1970\" class=\"tile\" data-url=\"\">\n                                        <div class=\"crp-tile-inner details33 crp-details-bg image01\">\n                    \n                    \n                    \n                    <div id=\"1970\" class=\"tile-inner\">\n                                                <img decoding=\"async\" class=\"crp-item crp-tile-img\" src=\"https:\/\/un-autre-regard.org\/wp-content\/uploads\/2022\/04\/r_2018_03_04_t_002.jpg.jpg\" data-width=\"1600\" data-height=\"1200\" \/>\n                        <div class='overlay'><\/div>                    <\/div>\n                                        <\/div>\n\n                                    <\/div>\n                            <div id=\"crp-tile-1969\" class=\"tile\" data-url=\"\">\n                                        <div class=\"crp-tile-inner details33 crp-details-bg image01\">\n                    \n                    \n                    \n                    <div id=\"1969\" class=\"tile-inner\">\n                                                <img decoding=\"async\" class=\"crp-item crp-tile-img\" src=\"https:\/\/un-autre-regard.org\/wp-content\/uploads\/2022\/04\/r_2018_03_04_t_003.jpg.jpg\" data-width=\"1600\" data-height=\"1200\" \/>\n                        <div class='overlay'><\/div>                    <\/div>\n                                        <\/div>\n\n                                    <\/div>\n                            <div id=\"crp-tile-1968\" class=\"tile\" data-url=\"\">\n                                        <div class=\"crp-tile-inner details33 crp-details-bg image01\">\n                    \n                    \n                    \n                    <div id=\"1968\" class=\"tile-inner\">\n                                                <img decoding=\"async\" class=\"crp-item crp-tile-img\" src=\"https:\/\/un-autre-regard.org\/wp-content\/uploads\/2022\/04\/r_2018_03_04_t_004.jpg.jpg\" data-width=\"1600\" data-height=\"1200\" \/>\n                        <div class='overlay'><\/div>                    <\/div>\n                                        <\/div>\n\n                                    <\/div>\n                            <div id=\"crp-tile-1967\" class=\"tile\" data-url=\"\">\n                                        <div class=\"crp-tile-inner details33 crp-details-bg image01\">\n                    \n                    \n                    \n                    <div id=\"1967\" class=\"tile-inner\">\n                                                <img decoding=\"async\" class=\"crp-item crp-tile-img\" src=\"https:\/\/un-autre-regard.org\/wp-content\/uploads\/2022\/04\/r_2018_03_04_t_005.jpg.jpg\" data-width=\"1600\" data-height=\"1200\" \/>\n                        <div class='overlay'><\/div>                    <\/div>\n                                        <\/div>\n\n                                    <\/div>\n                            <div id=\"crp-tile-1966\" class=\"tile\" data-url=\"\">\n                                        <div class=\"crp-tile-inner details33 crp-details-bg image01\">\n                    \n                    \n                    \n                    <div id=\"1966\" class=\"tile-inner\">\n                                                <img decoding=\"async\" class=\"crp-item crp-tile-img\" src=\"https:\/\/un-autre-regard.org\/wp-content\/uploads\/2022\/04\/r_2018_03_04_t_006.jpg.jpg\" data-width=\"1600\" data-height=\"1200\" \/>\n                        <div class='overlay'><\/div>                    <\/div>\n                                        <\/div>\n\n                                    <\/div>\n                            <div id=\"crp-tile-1965\" class=\"tile\" data-url=\"\">\n                                        <div class=\"crp-tile-inner details33 crp-details-bg image01\">\n                    \n                    \n                    \n                    <div id=\"1965\" class=\"tile-inner\">\n                                                <img decoding=\"async\" class=\"crp-item crp-tile-img\" src=\"https:\/\/un-autre-regard.org\/wp-content\/uploads\/2022\/04\/r_2018_03_04_t_008.jpg.jpg\" data-width=\"1600\" data-height=\"1200\" \/>\n                        <div class='overlay'><\/div>                    <\/div>\n                                        <\/div>\n\n                                    <\/div>\n                            <div id=\"crp-tile-1964\" class=\"tile\" data-url=\"\">\n                                        <div class=\"crp-tile-inner details33 crp-details-bg image01\">\n                    \n                    \n                    \n                    <div id=\"1964\" class=\"tile-inner\">\n                                                <img decoding=\"async\" class=\"crp-item crp-tile-img\" src=\"https:\/\/un-autre-regard.org\/wp-content\/uploads\/2022\/04\/r_2018_03_04_t_009.jpg.jpg\" data-width=\"1600\" data-height=\"1200\" \/>\n                        <div class='overlay'><\/div>                    <\/div>\n                                        <\/div>\n\n                                    <\/div>\n                            <div id=\"crp-tile-1963\" class=\"tile\" data-url=\"\">\n                                        <div class=\"crp-tile-inner details33 crp-details-bg image01\">\n                    \n                    \n                    \n                    <div id=\"1963\" class=\"tile-inner\">\n                                                <img decoding=\"async\" class=\"crp-item crp-tile-img\" src=\"https:\/\/un-autre-regard.org\/wp-content\/uploads\/2022\/04\/r_2018_03_04_t_010.jpg.jpg\" data-width=\"900\" data-height=\"1200\" \/>\n                        <div class='overlay'><\/div>                    <\/div>\n                                        <\/div>\n\n                                    <\/div>\n                            <div id=\"crp-tile-1962\" class=\"tile\" data-url=\"\">\n                                        <div class=\"crp-tile-inner details33 crp-details-bg image01\">\n                    \n                    \n                    \n                    <div id=\"1962\" class=\"tile-inner\">\n                                                <img decoding=\"async\" class=\"crp-item crp-tile-img\" src=\"https:\/\/un-autre-regard.org\/wp-content\/uploads\/2022\/04\/r_2018_03_04_t_011.jpg.jpg\" data-width=\"1600\" data-height=\"1200\" \/>\n                        <div class='overlay'><\/div>                    <\/div>\n                                        <\/div>\n\n                                    <\/div>\n                            <div id=\"crp-tile-1961\" class=\"tile\" data-url=\"\">\n                                        <div class=\"crp-tile-inner details33 crp-details-bg image01\">\n                    \n                    \n                    \n                    <div id=\"1961\" class=\"tile-inner\">\n                                                <img decoding=\"async\" class=\"crp-item crp-tile-img\" src=\"https:\/\/un-autre-regard.org\/wp-content\/uploads\/2022\/04\/r_2018_03_04_t_012.jpg.jpg\" data-width=\"900\" data-height=\"1200\" \/>\n                        <div class='overlay'><\/div>                    <\/div>\n                                        <\/div>\n\n                                    <\/div>\n                                        <ul id=\"crp-light-gallery\" class=\"crp-light-gallery\" style=\"display: none;\" >\n                                    \n                    <li id=\"crp-light-gallery-item-1971\" data-src=\"https:\/\/un-autre-regard.org\/wp-content\/uploads\/2022\/04\/r_2018_03_04_t_001.jpg.jpg\" data-sub-html=\"\" data-url=\"\">\n                        <a href=\"#\">\n                            <img decoding=\"async\" src=\"https:\/\/un-autre-regard.org\/wp-content\/uploads\/2022\/04\/r_2018_03_04_t_001.jpg-300x225.jpg\" \/>\n                        <\/a>\n                    <\/li>\n                                    \n                    <li id=\"crp-light-gallery-item-1970\" data-src=\"https:\/\/un-autre-regard.org\/wp-content\/uploads\/2022\/04\/r_2018_03_04_t_002.jpg.jpg\" data-sub-html=\"\" data-url=\"\">\n                        <a href=\"#\">\n                            <img decoding=\"async\" src=\"https:\/\/un-autre-regard.org\/wp-content\/uploads\/2022\/04\/r_2018_03_04_t_002.jpg-300x225.jpg\" \/>\n                        <\/a>\n                    <\/li>\n                                    \n                    <li id=\"crp-light-gallery-item-1969\" data-src=\"https:\/\/un-autre-regard.org\/wp-content\/uploads\/2022\/04\/r_2018_03_04_t_003.jpg.jpg\" data-sub-html=\"\" data-url=\"\">\n                        <a href=\"#\">\n                            <img decoding=\"async\" src=\"https:\/\/un-autre-regard.org\/wp-content\/uploads\/2022\/04\/r_2018_03_04_t_003.jpg-300x225.jpg\" \/>\n                        <\/a>\n                    <\/li>\n                                    \n                    <li id=\"crp-light-gallery-item-1968\" data-src=\"https:\/\/un-autre-regard.org\/wp-content\/uploads\/2022\/04\/r_2018_03_04_t_004.jpg.jpg\" data-sub-html=\"\" data-url=\"\">\n                        <a href=\"#\">\n                            <img decoding=\"async\" src=\"https:\/\/un-autre-regard.org\/wp-content\/uploads\/2022\/04\/r_2018_03_04_t_004.jpg-300x225.jpg\" \/>\n                        <\/a>\n                    <\/li>\n                                    \n                    <li id=\"crp-light-gallery-item-1967\" data-src=\"https:\/\/un-autre-regard.org\/wp-content\/uploads\/2022\/04\/r_2018_03_04_t_005.jpg.jpg\" data-sub-html=\"\" data-url=\"\">\n                        <a href=\"#\">\n                            <img decoding=\"async\" src=\"https:\/\/un-autre-regard.org\/wp-content\/uploads\/2022\/04\/r_2018_03_04_t_005.jpg-300x225.jpg\" \/>\n                        <\/a>\n                    <\/li>\n                                    \n                    <li id=\"crp-light-gallery-item-1966\" data-src=\"https:\/\/un-autre-regard.org\/wp-content\/uploads\/2022\/04\/r_2018_03_04_t_006.jpg.jpg\" data-sub-html=\"\" data-url=\"\">\n                        <a href=\"#\">\n                            <img decoding=\"async\" src=\"https:\/\/un-autre-regard.org\/wp-content\/uploads\/2022\/04\/r_2018_03_04_t_006.jpg-300x225.jpg\" \/>\n                        <\/a>\n                    <\/li>\n                                    \n                    <li id=\"crp-light-gallery-item-1965\" data-src=\"https:\/\/un-autre-regard.org\/wp-content\/uploads\/2022\/04\/r_2018_03_04_t_008.jpg.jpg\" data-sub-html=\"\" data-url=\"\">\n                        <a href=\"#\">\n                            <img decoding=\"async\" src=\"https:\/\/un-autre-regard.org\/wp-content\/uploads\/2022\/04\/r_2018_03_04_t_008.jpg-300x225.jpg\" \/>\n                        <\/a>\n                    <\/li>\n                                    \n                    <li id=\"crp-light-gallery-item-1964\" data-src=\"https:\/\/un-autre-regard.org\/wp-content\/uploads\/2022\/04\/r_2018_03_04_t_009.jpg.jpg\" data-sub-html=\"\" data-url=\"\">\n                        <a href=\"#\">\n                            <img decoding=\"async\" src=\"https:\/\/un-autre-regard.org\/wp-content\/uploads\/2022\/04\/r_2018_03_04_t_009.jpg-300x225.jpg\" \/>\n                        <\/a>\n                    <\/li>\n                                    \n                    <li id=\"crp-light-gallery-item-1963\" data-src=\"https:\/\/un-autre-regard.org\/wp-content\/uploads\/2022\/04\/r_2018_03_04_t_010.jpg.jpg\" data-sub-html=\"\" data-url=\"\">\n                        <a href=\"#\">\n                            <img decoding=\"async\" src=\"https:\/\/un-autre-regard.org\/wp-content\/uploads\/2022\/04\/r_2018_03_04_t_010.jpg-225x300.jpg\" \/>\n                        <\/a>\n                    <\/li>\n                                    \n                    <li id=\"crp-light-gallery-item-1962\" data-src=\"https:\/\/un-autre-regard.org\/wp-content\/uploads\/2022\/04\/r_2018_03_04_t_011.jpg.jpg\" data-sub-html=\"\" data-url=\"\">\n                        <a href=\"#\">\n                            <img decoding=\"async\" src=\"https:\/\/un-autre-regard.org\/wp-content\/uploads\/2022\/04\/r_2018_03_04_t_011.jpg-300x225.jpg\" \/>\n                        <\/a>\n                    <\/li>\n                                    \n                    <li id=\"crp-light-gallery-item-1961\" data-src=\"https:\/\/un-autre-regard.org\/wp-content\/uploads\/2022\/04\/r_2018_03_04_t_012.jpg.jpg\" data-sub-html=\"\" data-url=\"\">\n                        <a href=\"#\">\n                            <img decoding=\"async\" src=\"https:\/\/un-autre-regard.org\/wp-content\/uploads\/2022\/04\/r_2018_03_04_t_012.jpg-225x300.jpg\" \/>\n                        <\/a>\n                    <\/li>\n                                <\/ul>\n                    <\/div>\n    <\/div>\n<\/div>\n\n\n<!--Here Goes JS-->\n<script>\n    (function($) {\n        jQuery(document).ready(function(){\n\n            var tileParams = {};\n\n            if(0) {\n                tileParams.approxTileWidth = 250;\n                tileParams.approxTileHeight = 250;\n                tileParams.minTileWidth = 200;\n            }\n\n            if(0) {\n                tileParams.addBlock1Height = 40;\n                tileParams.addBlock2Height = 100;\n            }\n            jQuery('#gallery').crpTiledLayer(tileParams);\n\n            jQuery( \".crp-light-gallery\" ).each(function() {\n              var id = $( this ).attr(\"id\");\n              jQuery(\"#\" + id).lightGallery({\n                mode: 'slide',\n                useCSS: true,\n                cssEasing: 'ease', \/\/'cubic-bezier(0.25, 0, 0.25, 1)',\/\/\n                easing: 'linear', \/\/'for jquery animation',\/\/\n                speed: 600,\n                addClass: '',\n\n                closable: true,\n                loop: true,\n                auto: false,\n                pause: 6000,\n                escKey: true,\n                controls: true,\n                hideControlOnEnd: false,\n\n                preload: 1, \/\/number of preload slides. will exicute only after the current slide is fully loaded. ex:\/\/ you clicked on 4th image and if preload = 1 then 3rd slide and 5th slide will be loaded in the background after the 4th slide is fully loaded.. if preload is 2 then 2nd 3rd 5th 6th slides will be preloaded.. ... ...\n                showAfterLoad: true,\n                selector: null,\n                index: false,\n\n                lang: {\n                    allPhotos: 'All photos'\n                },\n                counter: false,\n\n                exThumbImage: false,\n                thumbnail: true,\n                showThumbByDefault:false,\n                animateThumb: true,\n                currentPagerPosition: 'middle',\n                thumbWidth: 150,\n                thumbMargin: 10,\n\n\n                mobileSrc: false,\n                mobileSrcMaxWidth: 640,\n                swipeThreshold: 50,\n                enableTouch: true,\n                enableDrag: true,\n\n                vimeoColor: 'CCCCCC',\n                youtubePlayerParams: false, \/\/ See: https:\/\/developers.google.com\/youtube\/player_parameters,\n                videoAutoplay: true,\n                videoMaxWidth: '855px',\n\n                dynamic: false,\n                dynamicEl: [],\n\n                \/\/ Callbacks el = current plugin\n                onOpen        : function(el) {}, \/\/ Executes immediately after the gallery is loaded.\n                onSlideBefore : function(el) {}, \/\/ Executes immediately before each transition.\n                onSlideAfter  : function(el) {}, \/\/ Executes immediately after each transition.\n                onSlideNext   : function(el) {}, \/\/ Executes immediately before each \"Next\" transition.\n                onSlidePrev   : function(el) {}, \/\/ Executes immediately before each \"Prev\" transition.\n                onBeforeClose : function(el) {}, \/\/ Executes immediately before the start of the close process.\n                onCloseAfter  : function(el) {}, \/\/ Executes immediately once lightGallery is closed.\n                onOpenExternal  : function(el, index) {\n                    if($(el).attr('data-url')) {\n                        var href = $(el).attr(\"data-url\");\n                    } else {\n                        var href = $(\"#crp-light-gallery li\").eq(index).attr('data-url');\n                    }\n                    if(href) {\n                        crp_loadHref(href,true);\n                    }else {\n                        return false;\n                    }\n\n                }, \/\/ Executes immediately before each \"open external\" transition.\n                onToggleInfo  : function(el) {\n                  var $info = $(\".lg-info\");\n                  if($info.css(\"opacity\") == 1){\n                    $info.fadeTo(\"slow\",0);\n                  }else{\n                    $info.fadeTo(\"slow\",1);\n                  }\n                } \/\/ Executes immediately before each \"toggle info\" transition.\n              });\n            });\n\n            jQuery(\".tile\").on('click', function (event){\n                if(jQuery(event.target).hasClass('crp-product-buy-button') || jQuery(event.target).hasClass('crp-product-checkout-button')) {\n                    return false;\n                } else if(jQuery(event.target).is(\"a\")) {\n                  return true;\n                }\n\n                \n                event.preventDefault();\n                if(jQuery(event.target).hasClass(\"fa\") && !jQuery(event.target).hasClass(\"zoom\")) return;\n\n                                var tileId = jQuery(\".tile-inner\", jQuery(this)).attr(\"id\");\n                var target = jQuery(\"#crp-light-gallery-item-\"+tileId);\n                                target.trigger( \"click\" );\n            });\n\n        });\n    })( jQuery );\n\n<\/script>\n<\/p>\n<p><\/p>\n<p><\/p>\t\t\t\t\t\t\t\t<\/div>\n\t\t\t\t<\/div>\n\t\t\t\t\t<\/div>\n\t\t<\/div>\n\t\t\t\t\t<\/div>\n\t\t<\/section>\n\t\t\t\t<\/div>\n\t\t","protected":false},"excerpt":{"rendered":"<p>Premi\u00e8re &lsquo;vraie&rsquo; exposition photo pour le club, &lsquo;&lsquo;L&rsquo;hiver en photos\u00a0\u00bb rassemble 39 photos (en 3 s\u00e9ries de 13), du 4 f\u00e9vrier au 18 mars 2018, dans la salle du restaurant &lsquo;Casa Fina&rsquo;, boulevard des Lices \u00e0 Arles.<\/p>\n","protected":false},"author":1,"featured_media":0,"parent":0,"menu_order":0,"comment_status":"closed","ping_status":"closed","template":"","meta":{"footnotes":""},"class_list":["post-4496","page","type-page","status-publish","hentry"],"_links":{"self":[{"href":"https:\/\/un-autre-regard.org\/index.php\/wp-json\/wp\/v2\/pages\/4496","targetHints":{"allow":["GET"]}}],"collection":[{"href":"https:\/\/un-autre-regard.org\/index.php\/wp-json\/wp\/v2\/pages"}],"about":[{"href":"https:\/\/un-autre-regard.org\/index.php\/wp-json\/wp\/v2\/types\/page"}],"author":[{"embeddable":true,"href":"https:\/\/un-autre-regard.org\/index.php\/wp-json\/wp\/v2\/users\/1"}],"replies":[{"embeddable":true,"href":"https:\/\/un-autre-regard.org\/index.php\/wp-json\/wp\/v2\/comments?post=4496"}],"version-history":[{"count":15,"href":"https:\/\/un-autre-regard.org\/index.php\/wp-json\/wp\/v2\/pages\/4496\/revisions"}],"predecessor-version":[{"id":4519,"href":"https:\/\/un-autre-regard.org\/index.php\/wp-json\/wp\/v2\/pages\/4496\/revisions\/4519"}],"wp:attachment":[{"href":"https:\/\/un-autre-regard.org\/index.php\/wp-json\/wp\/v2\/media?parent=4496"}],"curies":[{"name":"wp","href":"https:\/\/api.w.org\/{rel}","templated":true}]}}