{"id":9,"date":"2018-10-29T16:42:24","date_gmt":"2018-10-29T15:42:24","guid":{"rendered":"https:\/\/un-autre-regard.org\/?page_id=9"},"modified":"2024-10-11T12:19:19","modified_gmt":"2024-10-11T10:19:19","slug":"programme","status":"publish","type":"page","link":"https:\/\/un-autre-regard.org\/index.php\/programme\/","title":{"rendered":"Programme"},"content":{"rendered":"<p><strong>&#8211;\u00a0 LES RENDEZ-VOUS<\/strong><\/p>\n<p>L&rsquo;association se r\u00e9unit un jeudi sur deux, de 18h \u00e0 20h, dans la salle de r\u00e9union commune au Service des sports (ville d&rsquo;Arles) et \u00e0 l&rsquo;Office des sports, rue Ferdinand de Lesseps.<\/p>\n<p><strong>&#8211;\u00a0 LES \u00ab\u00a0ATELIERS TECHNIQUES\u00a0\u00bb<\/strong><\/p>\n<p>Une deuxi\u00e8me saison ax\u00e9e sur le portrait, avec des mod\u00e8les f\u00e9minins, est sur les rails (en int\u00e9rieur et en ext\u00e9rieur).<\/p>\n<p><strong>&#8211;\u00a0 LES SORTIES PHOTOS<\/strong><\/p>\n<p>Elles sont organis\u00e9es \u00e0 l&rsquo;initiative des adh\u00e9rents, th\u00e9matiques ou non, en fonction de divers crit\u00e8res : \u00e9v\u00e9nementiel, saisonnalit\u00e9 &#8230;, sur la demi-journ\u00e9e ou la journ\u00e9e.<\/p>\n<p><strong>&#8211;\u00a0 LES EXPOSITIONS<\/strong><\/p>\n<p>Les\u00a0 expositions envisag\u00e9es pour la saison 2024-2025 sont les suivantes :<\/p>\n<p>\u00a0\u00a0\u00a0\u00a0\u00a0\u00a0\u00a0\u00a0\u00a0\u00a0\u00a0\u00a0\u00a0\u00a0 * du 14 au 31 janvier 2025 : th\u00e8me &lsquo;<em>Au boulot<\/em> !&rsquo;, dans la Galerie de la Maison de la vie associative d&rsquo;Arles.<\/p>\n<p>\u00a0\u00a0\u00a0\u00a0\u00a0\u00a0\u00a0\u00a0\u00a0\u00a0\u00a0\u00a0\u00a0\u00a0 * du 22 avril au 11 mai 2024 : exposition au Centre de d\u00e9veloppement culturel de Saint-Martin-de-Crau. Le th\u00e8me n&rsquo;est sont pas encore d\u00e9fini.<\/p>\n<p>&#8211; <strong>F\u00caTE DES ASSOCIATIONS<\/strong><\/p>\n<p>Le club \u00e9tait pr\u00e9sent \u00e0 l&rsquo;\u00e9dition 2024 de la manifestation, dimanche 29 septembre. En plus de tenir un stand (voir les photos dans la rubrique &lsquo;<em>Nos actualit\u00e9s<\/em>&lsquo;, les adh\u00e9rents se sont charg\u00e9s de prendre des photos de tous les stands pr\u00e9sents ; ces photos sont visibles sur le site d&rsquo;Arles-associations.<\/p>\n<p>&#8211; <strong>LA PHOTO DE SPORTS<br \/><\/strong><\/p>\n<p>Que ce soit \u00e0 l&rsquo;initiative des membres, ou sur sollicitation de diverses associations, il est envisag\u00e9 sur la saison 2024-2025 plusieurs s\u00e9ances de photos, couvrant les sports suivants : escrime, golf, triathlon, course automobile, rassemblement de voitures anciennes.<\/p>\n\n\n<p><\/p>\n","protected":false},"excerpt":{"rendered":"<p>&#8211;\u00a0 LES RENDEZ-VOUS L&rsquo;association se r\u00e9unit un jeudi sur deux, de 18h \u00e0 20h, dans la salle de r\u00e9union commune au Service des sports (ville d&rsquo;Arles) et \u00e0 l&rsquo;Office des sports, rue Ferdinand de Lesseps. &#8211;\u00a0 LES \u00ab\u00a0ATELIERS TECHNIQUES\u00a0\u00bb Une deuxi\u00e8me saison ax\u00e9e sur le portrait, avec des mod\u00e8les f\u00e9minins, est sur les rails (en [&hellip;]<\/p>\n","protected":false},"author":1,"featured_media":0,"parent":0,"menu_order":0,"comment_status":"closed","ping_status":"closed","template":"","meta":{"footnotes":""},"class_list":["post-9","page","type-page","status-publish","hentry"],"_links":{"self":[{"href":"https:\/\/un-autre-regard.org\/index.php\/wp-json\/wp\/v2\/pages\/9","targetHints":{"allow":["GET"]}}],"collection":[{"href":"https:\/\/un-autre-regard.org\/index.php\/wp-json\/wp\/v2\/pages"}],"about":[{"href":"https:\/\/un-autre-regard.org\/index.php\/wp-json\/wp\/v2\/types\/page"}],"author":[{"embeddable":true,"href":"https:\/\/un-autre-regard.org\/index.php\/wp-json\/wp\/v2\/users\/1"}],"replies":[{"embeddable":true,"href":"https:\/\/un-autre-regard.org\/index.php\/wp-json\/wp\/v2\/comments?post=9"}],"version-history":[{"count":72,"href":"https:\/\/un-autre-regard.org\/index.php\/wp-json\/wp\/v2\/pages\/9\/revisions"}],"predecessor-version":[{"id":5456,"href":"https:\/\/un-autre-regard.org\/index.php\/wp-json\/wp\/v2\/pages\/9\/revisions\/5456"}],"wp:attachment":[{"href":"https:\/\/un-autre-regard.org\/index.php\/wp-json\/wp\/v2\/media?parent=9"}],"curies":[{"name":"wp","href":"https:\/\/api.w.org\/{rel}","templated":true}]}}

<p><strong>&#8211;  LES RENDEZ-VOUS</strong></p>
<p>L&rsquo;association se réunit un jeudi sur deux, de 18h à 20h, dans la salle de réunion commune au Service des sports (ville d&rsquo;Arles) et à l&rsquo;Office des sports, rue Ferdinand de Lesseps.</p>
<p><strong>&#8211;  LES « ATELIERS TECHNIQUES »</strong></p>
<p>Une deuxième saison axée sur le portrait, avec des modèles féminins, est sur les rails (en intérieur et en extérieur).</p>
<p><strong>&#8211;  LES SORTIES PHOTOS</strong></p>
<p>Elles sont organisées à l&rsquo;initiative des adhérents, thématiques ou non, en fonction de divers critères : événementiel, saisonnalité &#8230;, sur la demi-journée ou la journée.</p>
<p><strong>&#8211;  LES EXPOSITIONS</strong></p>
<p>Les  expositions envisagées pour la saison 2024-2025 sont les suivantes :</p>
<p>               * du 14 au 31 janvier 2025 : thème &lsquo;<em>Au boulot</em> !&rsquo;, dans la Galerie de la Maison de la vie associative d&rsquo;Arles.</p>
<p>               * du 22 avril au 11 mai 2024 : exposition au Centre de développement culturel de Saint-Martin-de-Crau. Le thème n&rsquo;est sont pas encore défini.</p>
<p>&#8211; <strong>FÊTE DES ASSOCIATIONS</strong></p>
<p>Le club était présent à l&rsquo;édition 2024 de la manifestation, dimanche 29 septembre. En plus de tenir un stand (voir les photos dans la rubrique &lsquo;<em>Nos actualités</em>&lsquo;, les adhérents se sont chargés de prendre des photos de tous les stands présents ; ces photos sont visibles sur le site d&rsquo;Arles-associations.</p>
<p>&#8211; <strong>LA PHOTO DE SPORTS<br /></strong></p>
<p>Que ce soit à l&rsquo;initiative des membres, ou sur sollicitation de diverses associations, il est envisagé sur la saison 2024-2025 plusieurs séances de photos, couvrant les sports suivants : escrime, golf, triathlon, course automobile, rassemblement de voitures anciennes.</p>


<p></p>

<p>&#8211;  LES RENDEZ-VOUS L&rsquo;association se réunit un jeudi sur deux, de 18h à 20h, dans la salle de réunion commune au Service des sports (ville d&rsquo;Arles) et à l&rsquo;Office des sports, rue Ferdinand de Lesseps. &#8211;  LES « ATELIERS TECHNIQUES » Une deuxième saison axée sur le portrait, avec des modèles féminins, est sur les rails (en [&hellip;]</p>
